 1) + 5*(-4)/(-20)?
10
Suppose 4*m = 2*m + 2*r + 24, 0 = -2*m - r + 33. What is the remainder when 42 is divided by m?
12
Suppose 0 = -0*a - 2*a - 6. Calculate the remainder when (10/(-3))/(a/9) is divided by 4.
2
Let f = 22 + -18. Let u = -4 + 7. Calculate the remainder when f is divided by u.
1
Let o(s) = -2*s. Let z be o(1). Let x(h) = h**3 + 2*h**2 + 3*h + 1. Let k be x(z). Let w = k + 17. What is the remainder when 35 is divided by w?
11
Let u(h) = 9*h + 5. Let o(p) = 8*p + 5. Let z(t) = -6*o(t) + 5*u(t). Let i(y) = y**2 - 4*y - 4. Let s be i(4). What is the remainder when 12 is divided by z(s)?
5
Suppose -l - 5*k = 12 + 8, -5*k - 45 = -4*l. Suppose -l*n = -0*n - 115. Let s = 22 + -10. Calculate the remainder when n is divided by s.
11
Suppose 19 = 3*b - 8. Calculate the remainder when 32 is divided by b.
5
Suppose 36 = 3*i - i. Calculate the remainder when i is divided by 5.
3
Calculate the remainder when (48/9)/((-10)/(-45)) is divided by 14.
10
Let n = 66 + 15. Calculate the remainder when n is divided by 14.
11
Let h(a) = 2*a**3 - 4*a**2 + 3*a + 3. Calculate the remainder when 89 is divided by h(3).
29
Suppose -2*d + 2 + 4 = 0. Suppose 5*b + 5*f - 60 = 0, 0*b + 24 = 2*b + d*f. What is the remainder when b is divided by 7?
5
Suppose 18 = 2*w + 2. Let r = 10 + -4. Suppose -r*c = -2*c - 52. What is the remainder when c is divided by w?
5
Let f = 82 + -51. Calculate the remainder when 92 is divided by f.
30
Let a(j) = j**2 - 9*j + 3. Let z be a(9). Suppose 0*r + 6 = q - r, z*q = 2*r + 13. What is the remainder when (-9)/(-4) + 1/(-4) is divided by q?
0
Suppose 285 = -7*u + 2*u. Let t = u - -83. Suppose -4*s = -46 + 10. Calculate the remainder when t is divided by s.
8
Suppose 3*j - 11 = -2*q, -j + 1 = q - 3. What is the remainder when j is divided by 3?
0
Let t = 111 - 96. What is the remainder when 72 is divided by t?
12
Let m(k) = k**2 - 3*k + 2. What is the remainder when 80 is divided by m(5)?
8
Let u be (2/4)/((-2)/(-40)). Let f = 97 - 65. Suppose 0 = 4*a + 4*g - f, -a = -2*g - 10 - u. What is the remainder when 35 is divided by a?
11
Let j be (-1)/(2 + (-31)/15). Let m = j + -4. Calculate the remainder when 19 is divided by m.
8
Suppose 0 = -6*n + 2*n - 112. Let d = -13 - n. Calculate the remainder when ((-3)/(-2))/(9/258) is divided by d.
13
Suppose -5*f + 1 = 31. Let n(m) = -m - 1. Let b be n(f). Suppose -4*j = l - 3 - 47, j + 4*l - b = 0. Calculate the remainder when j is divided by 5.
3
Let i(r) = -r**3 - 6*r**2 - 5*r - 4. Let p be i(-6). Let t = 36 - p. Let z(v) = 18*v**2 - 8*v + 8. Calculate the remainder when z(1) is divided by t.
8
Suppose 3 = -3*p + 18. Suppose -32 = -3*l + p*q + 54, -l - 4*q + 6 = 0. Suppose -5*o = -8 - l. Calculate the remainder when 16 is divided by o.
4
Suppose -38 = -4*n + 2*z + 16, -4*n = -z - 49. Calculate the remainder when 47 is divided by n + (1 - (-1 - -1)).
11
Suppose -2*y = -2 - 0. Let b = 5 - y. What is the remainder when 11 is divided by b?
3
Suppose 0 = 5*m + 44 + 31. Let i = 27 + m. Let j = -30 + 64. What is the remainder when j is divided by i?
10
Let d(j) = j**3 + j**2 + j + 21. What is the remainder when 61 is divided by d(0)?
19
Let f(t) = -t - 6. Let k be f(-6). Calculate the remainder when (26 - 1) + k + -2 is divided by 8.
7
Suppose 0 = -2*z - 0*h + 2*h + 18, 3*z - 4*h = 31. Suppose 27 = z*g + c, -c + 15 = 4*g + 2*c. What is the remainder when 11 is divided by g?
5
Let c(p) = p**2 + 1. Let t(n) = -n**3 + 15*n**2 + 17*n + 16. Calculate the remainder when t(16) is divided by c(4).
15
Let z(u) = -u**3 - 11*u**2 - 15*u - 20. Calculate the remainder when z(-10) is divided by 16.
14
Let m(k) = k**3 + 8*k**2 - 2*k - 8. Calculate the remainder when 36 is divided by m(-8).
4
Let f = 5 - 5. Suppose f = 2*y - 0*y - 66. What is the remainder when y is divided by 7?
5
Let q(s) = -s**3 + 9*s**2 + 10*s + 19. What is the remainder when q(10) is divided by 4?
3
What is the remainder when 57 is divided by (-2)/(((-6)/(-45))/(-1))?
12
Suppose 7*u + 63 = 10*u. What is the remainder when 83 is divided by u?
20
Let n = -70 + 106. Calculate the remainder when 107 is divided by n.
35
Let o = -16 - -22. What is the remainder when -2*(-2 - -1) + o is divided by 3?
2
Suppose 15 = -5*j, 2*z - 5*z + 5*j + 45 = 0. What is the remainder when 27 is divided by z?
7
Let n = 8 - 6. Suppose -f - n*f = -72. Calculate the remainder when f is divided by 9.
6
Let c = -50 + 172. What is the remainder when c is divided by 31?
29
Let u = 35 + -18. Suppose 4*s - u = 3*s. Calculate the remainder when s is divided by 6.
5
Let o(f) = -f**3 - 4*f**2 + 5*f - 1. Let q be o(-5). Let n be q*-1*(-2 - 1). What is the remainder when 87*(0 + -1)/n is divided by 10?
9
Suppose -2*j + 4*z + 72 = 2*z, 2*z + 31 = j. What is the remainder when j is divided by 21?
20
Suppose a + 3*q = 4*q + 68, 3*q + 271 = 4*a. What is the remainder when a is divided by 17?
16
Let n(c) = -4*c**3 + 2*c**2 + 2*c + 1. Suppose 5*p - 22 = -3*l, 4*l + 2*p = 3*p + 60. Calculate the remainder when l is divided by n(-1).
4
Let r(m) = -m**2 + 12*m - 6. Let u be r(6). Let g = 52 - u. Calculate the remainder when g is divided by 8.
6
What is the remainder when 24/1 - 8/(-2) is divided by 10?
8
Let y = -150 - -156. Calculate the remainder when 10 is divided by y.
4
Let x(l) = -l**3 - 4*l**2 - 2*l - 6. Let b be x(-4). Suppose 0*m - b*m + 18 = 2*a, -4*a = -5*m + 27. What is the remainder when 2*3/18*39 is divided by m?
6
Let s(w) = w + 3. What is the remainder when 9 is divided by s(5)?
1
Suppose -2*h + 2*u + 16 = 0, h - 4*h + 5*u + 34 = 0. Calculate the remainder when 3 is divided by h.
0
Let o(k) = k**3 - 6*k**2 + k + 7. What is the remainder when 38 is divided by o(6)?
12
Suppose 2*m + 3*o - 47 = 0, -3*m + 3*o + 78 = -0*m. Let y = -4 + 18. Calculate the remainder when m is divided by y.
11
Let z = 272 - 68. Suppose -5*n = 0, -5*m + 56 = -3*n - z. Suppose -r = g - 16, 3*g - g + 58 = 3*r. Calculate the remainder when m is divided by r.
16
Suppose 7*z - 2*z = 0. Suppose 2*k = -z*k + 186. Calculate the remainder when k is divided by 24.
21
Suppose -4*d + 3*d + 23 = t, d = -5*t + 95. Suppose -81 = -5*o - 3*q - 28, 0 = 3*o + 4*q - 34. Calculate the remainder when t is divided by o.
8
Suppose -j + 180 = 49. Suppose -3*g - 47 = -j. What is the remainder when g is divided by 10?
8
Let j = -94 + 142. Calculate the remainder when j is divided by 27.
21
Let y(d) = -10*d + 48 + d**3 + 55 - 98 + 7*d**2. Let i(q) = q**2 - 6*q - 8. Let f be i(6). Calculate the remainder when y(f) is divided by 12.
9
Let f be 0 + 1 + -1 + -1. Let m be (-1*1)/(f - 0). Suppose -m + 28 = 3*x. Calculate the remainder when x is divided by 5.
4
Suppose 4*v - 11 - 117 = 0. Suppose -v = -3*i + 52. Let k(q) = -2*q. Calculate the remainder when i is divided by k(-5).
8
Suppose -4*t + 76 = -28. What is the remainder when 77 is divided by t?
25
What is the remainder when 11 is divided by ((-2)/(-5))/(6/75)?
1
Let l(w) = -w**3 - w - 28. Let v be l(0). Suppose -5*p = c - 46, 0 = -5*c + p - 2*p + 254. Let j = c + v. What is the remainder when j is divided by 12?
11
Suppose 2*v - 62 = -4*x, -4*v + 5*x - 46 = -170. Calculate the remainder when 58 is divided by v.
27
Let l be 0 - (22 - -1) - -3. What is the remainder when 55 is divided by -1*(l - -1 - 0)?
17
Let g(o) = -o + 6. Let d be g(0). What is the remainder when (26/2)/(3/d) is divided by 9?
8
Suppose f - 2*f = -10. Calculate the remainder when f is divided by 9.
1
Let s = 19 - 2. Suppose -18 = -5*f + s. Calculate the remainder when 11 is divided by f.
4
Let x = 70 - 32. What is the remainder when x is divided by (-20)/(5 - 7) + 3?
12
Let s(m) = m**2 - m + 3. Let g be s(4). Suppose -g = -5*b + 15. Suppose -c = c - b. Calculate the remainder when 7 is divided by c.
1
Let q(r) = 22*r + 161. Let p(t) = -t**2 - 3*t + 3. Let s be p(-5). Calculate the remainder when q(-6) is divided by (-2 - s)*1*3.
14
Suppose 0*j - 2*j = 0. Suppose -p = 4*n + p - 218, 4*p + 12 = j. Calculate the remainder when n is divided by 29.
27
Let q(n) = -n - 2. Let j be q(-4). Suppose a - 14 + 7 = 0. What is the remainder when a is divided by 10/j*(-6)/(-10)?
1
Suppose -t + 29 = -0*t. Let o = -1 + 0. What is the remainder when t is divided by 1/(o + -1)*-30?
14
Suppose 2*j - j = -5*z - 5, -3*z =